{"id":8,"date":"2021-09-28T20:50:52","date_gmt":"2021-09-28T20:50:52","guid":{"rendered":"http:\/\/web.archive.org\/web\/20211105194155\/http:\/\/animaleslapalma.org\/?page_id=8"},"modified":"2021-10-19T15:45:02","modified_gmt":"2021-10-19T15:45:02","slug":"inicio","status":"publish","type":"page","link":"http:\/\/web.archive.org\/web\/20211105194155\/https:\/\/animaleslapalma.org\/","title":{"rendered":"Inicio"},"content":{"rendered":"\r\n<p style=\"text-align: center;\"><div id=\"metaslider-id-271\" style=\"max-width: 1500px; margin: 0 auto;\" class=\"ml-slider-3-23-0 metaslider metaslider-flex metaslider-271 ml-slider\">\n    <div id=\"metaslider_container_271\">\n        <div id=\"metaslider_271\" class=\"flexslider\">\n            <ul aria-live=\"polite\" class=\"slides\">\n                <li style=\"display: block; width: 100%;\" class=\"slide-2146 ms-image\"><a href=\"https:\/\/animaleslapalma.org\/index.php\/animales-encontrados\/\" target=\"_self\"><img src=\"https:\/\/animaleslapalma.org\/wp-content\/uploads\/2021\/10\/Carrusel-LP_Animales-Encontrados-1500x429.png\" height=\"429\" width=\"1500\" alt=\"\" class=\"slider-271 slide-2146\" title=\"Carrusel-LP_Animales Encontrados\" \/><\/a><\/li>\n                <li style=\"display: none; width: 100%;\" class=\"slide-2145 ms-image\"><a href=\"https:\/\/animaleslapalma.org\/index.php\/animales-buscados\/\" target=\"_self\"><img src=\"https:\/\/animaleslapalma.org\/wp-content\/uploads\/2021\/10\/Carrusel-LP_Animales-Buscados-1500x429.png\" height=\"429\" width=\"1500\" alt=\"\" class=\"slider-271 slide-2145\" title=\"Carrusel-LP_Animales Buscados\" \/><\/a><\/li>\n                <li style=\"display: none; width: 100%;\" class=\"slide-2144 ms-image\"><a href=\"https:\/\/animaleslapalma.org\/index.php\/acogidas-y-adopciones\/\" target=\"_self\"><img src=\"https:\/\/animaleslapalma.org\/wp-content\/uploads\/2021\/10\/Carrusel-LP_Acogida-y-Adopciones-1500x429.png\" height=\"429\" width=\"1500\" alt=\"\" class=\"slider-271 slide-2144\" title=\"Carrusel-LP_Acogida y Adopciones\" \/><\/a><\/li>\n                <li style=\"display: none; width: 100%;\" class=\"slide-2148 ms-image\"><a href=\"https:\/\/animaleslapalma.org\/index.php\/voluntariado\/\" target=\"_self\"><img src=\"https:\/\/animaleslapalma.org\/wp-content\/uploads\/2021\/10\/Carrusel-LP_Voluntariado-1500x429.png\" height=\"429\" width=\"1500\" alt=\"\" class=\"slider-271 slide-2148\" title=\"Carrusel-LP_Voluntariado\" \/><\/a><\/li>\n                <li style=\"display: none; width: 100%;\" class=\"slide-2147 ms-image\"><a href=\"https:\/\/animaleslapalma.org\/index.php\/cartel-de-busqueda\/\" target=\"_self\"><img src=\"https:\/\/animaleslapalma.org\/wp-content\/uploads\/2021\/10\/Carrusel-LP_Como-Hacer-un-Cartel-1500x429.png\" height=\"429\" width=\"1500\" alt=\"\" class=\"slider-271 slide-2147\" title=\"Carrusel-LP_C\u00f3mo Hacer un Cartel\" \/><\/a><\/li>\n            <\/ul>\n        <\/div>\n        \n    <\/div>\n<\/div>\r\n<p style=\"text-align: center;\"><br \/>Sitio creado a partir de la emergencia volc\u00e1nica en La Palma.<\/p>\r\n<h4 style=\"text-align: center;\"><span style=\"color: #993399;\"><strong>Muchos animales buscan a sus familias y muchas familias buscan a sus animales, <br \/>esta herramienta web ser\u00e1 su punto de reencuentro.<\/strong><\/span><\/h4>\r\n<p style=\"text-align: center;\">Trabajamos con refugios locales para actualizar la informaci\u00f3n de cada animal que ha sido rescatado, y tambi\u00e9n recibimos pedidos de b\u00fasqueda de animales.<\/p>\r\n<p style=\"text-align: center;\">En las dos secciones principales del sitio podr\u00e1s verificar si el animal que buscas se encuentra en uno de esos refugios, o bien ver publicada tu b\u00fasqueda.<\/p>\r\n<p style=\"text-align: center;\"><a href=\"https:\/\/animaleslapalma.org\/index.php\/animales-encontrados\/\"><img loading=\"lazy\" class=\"alignnone wp-image-2161\" src=\"https:\/\/animaleslapalma.org\/wp-content\/uploads\/2021\/10\/Botones-LP_Animales-Encontrados-300x300.png\" alt=\"\" width=\"220\" height=\"220\" srcset=\"https:\/\/animaleslapalma.org\/wp-content\/uploads\/2021\/10\/Botones-LP_Animales-Encontrados-300x300.png 300w, https:\/\/animaleslapalma.org\/wp-content\/uploads\/2021\/10\/Botones-LP_Animales-Encontrados-150x150.png 150w, https:\/\/animaleslapalma.org\/wp-content\/uploads\/2021\/10\/Botones-LP_Animales-Encontrados-768x768.png 768w, https:\/\/animaleslapalma.org\/wp-content\/uploads\/2021\/10\/Botones-LP_Animales-Encontrados.png 875w\" sizes=\"(max-width: 220px) 100vw, 220px\" \/><\/a><a href=\"http:\/\/animaleslapalma.org\/index.php\/animales-buscados\/\"><img loading=\"lazy\" class=\"alignnone wp-image-2162\" src=\"https:\/\/animaleslapalma.org\/wp-content\/uploads\/2021\/10\/Botones-LP_Animales-Buscados-300x300.png\" alt=\"\" width=\"220\" height=\"220\" srcset=\"https:\/\/animaleslapalma.org\/wp-content\/uploads\/2021\/10\/Botones-LP_Animales-Buscados-300x300.png 300w, https:\/\/animaleslapalma.org\/wp-content\/uploads\/2021\/10\/Botones-LP_Animales-Buscados-150x150.png 150w, https:\/\/animaleslapalma.org\/wp-content\/uploads\/2021\/10\/Botones-LP_Animales-Buscados-768x768.png 768w, https:\/\/animaleslapalma.org\/wp-content\/uploads\/2021\/10\/Botones-LP_Animales-Buscados.png 875w\" sizes=\"(max-width: 220px) 100vw, 220px\" \/><\/a><\/p>\r\n<p style=\"text-align: center;\">Recuerda que, debido a la emergencia, los refugios y protectoras est\u00e1n a tope en sus instalaciones. Otra forma de colaborar es d\u00e1ndole acogida o adoptando a uno de los animales que ves en esta web. Te invitamos a visitar nuestra secci\u00f3n de <strong><span style=\"color: #993399;\"><a style=\"color: #993399;\" href=\"http:\/\/animaleslapalma.org\/index.php\/acogidas-y-adopciones\/\">Acogidas y Adopciones<\/a><\/span><\/strong><i>.<\/i><\/p>\r\n<p style=\"text-align: center;\">Necesitamos tu cooperaci\u00f3n activa compartiendo este sitio con los contactos de tus redes sociales, mientras m\u00e1s difusi\u00f3n exista m\u00e1s r\u00e1pido podremos ayudar.<\/p>\r\n<p style=\"text-align: center;\">Otra manera de ayudar, es sum\u00e1ndote a nuestro equipo. Si te interesa, te invitamos a visitar nuestra secci\u00f3n <strong><span style=\"color: #993399;\"><a style=\"color: #993399;\" href=\"https:\/\/animaleslapalma.org\/index.php\/voluntariado\/\">Voluntariado<\/a><\/span><\/strong>.<\/p>\r\n<p style=\"text-align: center;\">Si quieres colaborar mediante <a href=\"https:\/\/animaleslapalma.org\/wp-content\/uploads\/2021\/10\/sos_la_palma_informacion_publica.pdf\" target=\"_blank\" rel=\"noopener\"><strong><span style=\"color: #8d3b94;\">donativos<\/span><\/strong><\/a> para las protectoras de La Palma, por favor\u00a0<a href=\"https:\/\/animaleslapalma.org\/wp-content\/uploads\/2021\/10\/sos_la_palma_informacion_publica.pdf\" target=\"_blank\" rel=\"noopener\"><strong><span style=\"color: #993399;\">ingresa aqu\u00ed.<\/span><\/strong><\/a><\/p>\r\n","protected":false},"excerpt":{"rendered":"<p>Sitio creado a partir de la emergencia volc\u00e1nica en La Palma. Muchos animales buscan a sus familias y muchas familias buscan a sus animales, esta herramienta web ser\u00e1 su punto de reencuentro. Trabajamos con refugios locales para actualizar la informaci\u00f3n de cada animal que ha sido rescatado, y tambi\u00e9n recibimos pedidos de b\u00fasqueda de animales. &#8230; <a title=\"Inicio\" class=\"read-more\" href=\"https:\/\/animaleslapalma.org\/\" aria-label=\"M\u00e1s en Inicio\">Leer m\u00e1s<\/a><\/p>\n","protected":false},"author":1,"featured_media":0,"parent":0,"menu_order":0,"comment_status":"closed","ping_status":"closed","template":"","meta":[],"_links":{"self":[{"href":"http:\/\/web.archive.org\/web\/20211105194155\/https:\/\/animaleslapalma.org\/index.php\/wp-json\/wp\/v2\/pages\/8"}],"collection":[{"href":"http:\/\/web.archive.org\/web\/20211105194155\/https:\/\/animaleslapalma.org\/index.php\/wp-json\/wp\/v2\/pages"}],"about":[{"href":"http:\/\/web.archive.org\/web\/20211105194155\/https:\/\/animaleslapalma.org\/index.php\/wp-json\/wp\/v2\/types\/page"}],"author":[{"embeddable":true,"href":"http:\/\/web.archive.org\/web\/20211105194155\/https:\/\/animaleslapalma.org\/index.php\/wp-json\/wp\/v2\/users\/1"}],"replies":[{"embeddable":true,"href":"http:\/\/web.archive.org\/web\/20211105194155\/https:\/\/animaleslapalma.org\/index.php\/wp-json\/wp\/v2\/comments?post=8"}],"version-history":[{"count":36,"href":"http:\/\/web.archive.org\/web\/20211105194155\/https:\/\/animaleslapalma.org\/index.php\/wp-json\/wp\/v2\/pages\/8\/revisions"}],"predecessor-version":[{"id":2163,"href":"http:\/\/web.archive.org\/web\/20211105194155\/https:\/\/animaleslapalma.org\/index.php\/wp-json\/wp\/v2\/pages\/8\/revisions\/2163"}],"wp:attachment":[{"href":"http:\/\/web.archive.org\/web\/20211105194155\/https:\/\/animaleslapalma.org\/index.php\/wp-json\/wp\/v2\/media?parent=8"}],"curies":[{"name":"wp","href":"http:\/\/web.archive.org\/web\/20211105194155\/https:\/\/api.w.org\/{rel}","templated":true}]}}